 - 316. Calculate i(5).
224
Let r(x) = -5*x**2 + 7*x - 149. Determine r(8).
-413
Let o(c) = 199*c + 8162. What is o(-41)?
3
Let s(d) = -263*d + 2098. Calculate s(9).
-269
Let w(x) = -2*x**3 - 167*x**2 + 79*x - 418. Give w(-84).
2
Let x(k) = 73*k - 2794. What is x(38)?
-20
Let p(k) = -560*k + 3345. What is p(6)?
-15
Let u(c) = 65*c - 6044. Calculate u(93).
1
Let c(x) = -x + 9. Determine c(-1).
10
Let o(p) = -p**2 - 123*p - 3562. Give o(-78).
-52
Let u(i) = 2*i**2 - 20*i + 35. Determine u(9).
17
Let a(h) = h**3 + 6*h**2 + 638*h + 3148. What is a(-5)?
-17
Let j(f) = -f**2 - 76*f - 1121. Determine j(-29).
242
Let b(m) = m**3 - 35*m**2 - 34*m - 240. Determine b(36).
-168
Let x(k) = 4*k**2 + 2282*k + 4552. Calculate x(-2).
4
Let g(f) = f**3 - 2*f**2 - 269*f + 173. Give g(0).
173
Let t(w) = -965*w + 1930. Give t(2).
0
Let t(g) = 86*g + 4728. Give t(-55).
-2
Let q(h) = h**3 + 36*h**2 + 328*h - 51. Give q(-17).
-136
Let p(v) = v**2 - 39*v - 331. Determine p(46).
-9
Let i(o) = -105*o + 575. Determine i(15).
-1000
Let h(t) = -4*t**2 + 161*t - 477. What is h(37)?
4
Let g(n) = -2*n**3 + 106*n**2 - 11*n + 647. Give g(53).
64
Let k(v) = v**3 + 8*v**2 - 211*v - 27. Give k(-19).
11
Let o(x) = 5*x**2 - x + 6. Give o(-3).
54
Let k(h) = 18*h**2 + 110*h + 17. Determine k(-6).
5
Let v(c) = 8*c - 132. Give v(19).
20
Let p(x) = -x**2 - 40*x + 394. Give p(-49).
-47
Let f(n) = 3*n**2 + 104*n + 193. Calculate f(-33).
28
Let o(w) = -w**2 - 2*w + 165. Calculate o(17).
-158
Let s(o) = -22*o - 1197. What is s(-55)?
13
Let y(i) = -759*i - 5312. Give y(-7).
1
Let y(j) = j**2 - 244*j + 701. Calculate y(3).
-22
Let i(j) = 19*j**2 - 306*j - 38. What is i(16)?
-70
Let t(p) = 6*p**2 + 12*p - 65. Give t(-4).
-17
Let a(r) = -1137*r + 18185. Calculate a(16).
-7
Let o(a) = -a**3 + 9*a**2 + 110*a + 31. Calculate o(16).
-1
Let q(p) = -2*p**2 - 18*p + 421. Determine q(10).
41
Let c(m) = 36*m**2 - 716*m - 32. Give c(20).
48
Let s(y) = 13*y**2 - 138*y + 10. What is s(11)?
65
Let u(s) = -188*s + 1318. Determine u(7).
2
Let r(a) = 3*a**3 - 3*a**2 - 9*a - 7. Determine r(3).
20
Let t(x) = -x**3 - 8*x**2 - 4*x - 44. Determine t(-8).
-12
Let q(u) = -196*u + 180. Give q(4).
-604
Let o(r) = -5570*r - 2. Calculate o(0).
-2
Let a(s) = -s**3 - 32*s**2 + 110*s + 21. Calculate a(-35).
-154
Let s(h) = 29*h**2 - 669*h + 50. What is s(23)?
4
Let p(w) = -79*w + 2857. Calculate p(39).
-224
Let y(f) = 4*f**2 + 47*f - 2. Determine y(0).
-2
Let v(n) = 2*n**3 - 250*n**2 - 1856*n + 1059. What is v(132)?
3
Let c(w) = -2*w**3 + 34*w**2 - 19*w + 136. Calculate c(17).
-187
Let c(d) = -d**2 + 215*d + 228. What is c(0)?
228
Let r(s) = -328*s + 1303. Determine r(4).
-9
Let t(i) = i**3 - 11*i**2 - 5*i + 108. Calculate t(10).
-42
Let z(v) = -12*v**2 + 30*v + 66. What is z(-2)?
-42
Let z(q) = -2004*q + 8038. Calculate z(4).
22
Let r(a) = -294*a - 16797. What is r(-57)?
-39
Let h(o) = -4*o**3 + 44*o**2 - 73*o + 3. What is h(9)?
-6
Let s(o) = 22*o**2 - 43*o + 38. Give s(2).
40
Let p(i) = -2*i**3 + 5*i**2 + 42*i - 15. Give p(6).
-15
Let t(o) = -o**3 + 51*o**2 - 195*o + 160. Determine t(3).
7
Let q(f) = 2*f**2 - 265*f - 2099. What is q(140)?
1
Let h(v) = 14*v - 1214. Determine h(92).
74
Let c(q) = -q**3 - 34*q**2 + 56. Calculate c(-34).
56
Let r(i) = 254*i + 10666. Determine r(-42).
-2
Let k(a) = 364*a + 3695. What is k(-10)?
55
Let w(z) = z**3 - 18*z**2 + 77*z. What is w(7)?
0
Let z(r) = 43*r**3 + 5*r**2 - 4*r - 3. Calculate z(-2).
-319
Let i(o) = -4*o**2 - 35*o + 3425. Calculate i(-34).
-9
Let k(q) = -2*q**3 + 46*q**2 - q + 39. Determine k(23).
16
Let a(s) = s**3 - 7*s**2 - 36. Give a(7).
-36
Let u(l) = l**3 - 57*l**2 + 63*l - 160. What is u(56)?
232
Let b(f) = -f**3 + 16*f**2 + 4*f - 53. What is b(17)?
-274
Let l(x) = 119*x + 955. What is l(-8)?
3
Let w(r) = r**3 + 17*r**2 + 31*r - 13. Calculate w(-13).
260
Let x(g) = -g**3 - 4*g**2 + 14*g + 23. Determine x(6).
-253
Let x(v) = v**3 - 89*v**2 - 178*v - 360. Give x(91).
4
Let j(t) = 234*t**3 - 3*t**2 - 5*t - 3. Give j(-1).
-235
Let a(n) = 535*n - 3735. Calculate a(7).
10
Let f(a) = -a**2 + 2*a + 575. What is f(25)?
0
Let a(s) = 36*s - 2302. Determine a(64).
2
Let a(p) = -p**2 - 407*p - 16611. Calculate a(-46).
-5
Let y(t) = t**2 + 3*t - 82. Calculate y(9).
26
Let t(b) = 67*b + 3423. What is t(-51)?
6
Let t(d) = 251*d - 369. What is t(3)?
384
Let l(u) = -42*u + 16. Calculate l(1).
-26
Let d(f) = f**3 + 15*f**2 + 54*f + 14. What is d(-6)?
14
Let h(r) = -663*r - 5301. Determine h(-8).
3
Let k(z) = -456*z + 440. Give k(1).
-16
Let x(h) = -40*h + 1488. What is x(42)?
-192
Let d(a) = 6*a**2 - 23. Calculate d(-4).
73
Let z(n) = -2*n**3 - n**2 - 7*n - 10. Calculate z(-4).
130
Let k(q) = 16*q - 50. Give k(-4).
-114
Let v(b) = 39*b - 113. Determine v(6).
121
Let i(o) = -420*o - 837. Calculate i(-2).
3
Let h(o) = o**2 - 35*o + 96. Determine h(32).
0
Let q(p) = -3*p**2 - 291*p + 277. Determine q(-98).
-17
Let w(x) = -212*x + 43252. Give w(204).
4
Let g(n) = -6*n**3 + 59*n**2 - 135*n + 108. Determine g(7).
-4
Let o(m) = 5*m**3 - 20*m**2 - m. What is o(4)?
-4
Let p(q) = -q**3 - 4*q**2 + 31*q + 16. Give p(-7).
-54
Let t(r) = 3*r**2 - 143*r + 39. Calculate t(47).
-55
Let v(w) = -6*w**3 - 666*w**2 + 4*w + 452. What is v(-111)?
8
Let t(q) = -8*q**2 - 57*q - 11. Give t(-9).
-146
Let w(h) = h**2 - 20*h - 523. Calculate w(32).
-139
Let g(z) = 3*z**2 + 147*z + 1470. What is g(-35)?
0
Let d(x) = -x**3 + 37*x**2 - 169*x - 1821. Determine d(29).
6
Let c(a) = a**3 + 8*a**2 + 8*a - 35. Give c(-6).
-11
Let z(r) = -19*r - 727. Determine z(-10).
-537
Let u(l) = l**3 + 26*l**2 - 15*l - 405. What is u(-26)?
-15
Let t(l) = 245*l + 723. What is t(-3)?
-12
Let s(f) = -2*f**3 - 3*f**2 - 26*f - 89. Determine s(-3).
16
Let m(o) = -o**3 + o**2 - 13*o + 552. What is m(8)?
0
Let s(j) = -141*j - 3116. Give s(-24).
268
Let w(d) = 9*d**2 + 327*d + 28. Calculate w(-37).
250
Let d(u) = u**3 - 21*u**2 - 13*u - 191. Calculate d(22).
7
Let c(r) = -2*r**3 + r**2 - r + 17. Calculate c(2).
3
Let m(a) = 21*a + 1145. Determine m(-48).
137
Let u(k) = 4*k**3 + 4*k**2 + 9*k + 34. Calculate u(-4).
-194
Let r(g) = 2*g**2 - 511. Determine r(-16).
1
Let l(b) = 382*b**3 - 2*b**2 - 24*b - 23. Calculate l(-1).
-383
Let x(w) = 9*w - 736. What is x(82)?
2
Let u(y) = -6*y**2 - 124*y + 1372. Determine u(8).
-4
Let j(h) = 2*h**3 - 24*h**2 + 46*h + 67. Determine j(9).
-5
Let c(r) = -r**2 - 45*r - 290. What is c(-8)?
6
Let w(p) = -p**2 + 66*p + 1952. Give w(-22).
16
Let k(u) = -2*u**3 - 24*u**2 + 268*u + 33. Calculate k(-19).
-5
Let i(x) = -x**3 - 47*x**2 + 147*x - 125. Calculate i(-50).
25
Let x(o) = 275*o + 25020. Determine x(-91).
-5
Let i(l) = -44*l - 237. Calculate i(-2).
-149
Let z(i) = 38*i - 4439. Determine z(117).
7
Let w(a) = 582*a - 10473. What is w(18)?
3
Let u(d) = -18*d**2 + 15*d - 132. What is u(6)?
-690
Let s(u) = 8*u + 81. Calculate s(58).
545
Let c(x) = -x**3 - 63*x**2 + 126*x - 290. What is c(-65)?
-30
Let m(b) = b**3 - 6*b - 23. What is m(0)?
-23
Let x(z) = -7*z**3 - 2*z**2 - 18*z - 16. Determine x(-1).
7
Let u(s) = -s**3 + 11*s**2 + 59*s - 436. What is u(5)?
9
Let i(z) = -6*z**3 - 109*z**2 - 31*z - 95. Determine i(-18).
139
Let t(s) = 2*s**2 - 109*s - 519. What is t(59)?
12
Let t(c) = -2*c**2 - 4932*c - 34422. What is t(-7)?
4
Let i(d) = -181*d + 43796. What is i(242)?
-6
Let i(f) = f**2 + 40*f + 64. What is i(-37)?
-47
Let d(i) = -i**2 + 13*i - 17. Determine d(6).
25
Let j(q) = q**2 - 36*q + 293. Give j(14).
-15
Let o(n) = -348*n - 2078. Give o(-6).
10
Let f(t) = -t**3 + 18*t**2 - 45*t - 139. Calculate f(14).
15
Let o(j) = -30*j - 1043. Determine o(-23).
-353
Let l(k) = -38*k + 1499. What is l(40)?
-21
Let d(w) = 10*w**3 + 39*w**2 - 12*w - 28. Calculate d(-4).
4
Let j(d) = d**3 + d**2 - 18*d + 23. What is j(-5)?
13
Let c(d) = 28*d**2 - 38*d - 3. Give c(1).
-13
Let r(w) = 5*w**2 - 104*w + 79. Give r(20).
-1
Let a(f) = -f**3 - 48*f**2 - 254*f - 63. Calculate a(-42).
21
Let s(t) = 58*t + 181. Calculate s(-4).
-51
Let g(w) = -w**3 - 4*w**2 + 7*w + 5. What is g(-6)?
35
Let b(a) = -a**2 + 136*a - 3843. What is b(40)?
-3
Let m(y) = -155*y + 1397. What is m(9)?
2
Let a(u) = u**2 - 147*u + 4539. Determine a(103).
7
Let g(s) = s**3 + 20*s**2 - 110*s - 2632. Determine g(-18).
-4
Let i(m) = m**3 - 32*m**2 + 146*m - 182. Determine